prime factors of z(s)?
3
Let c(y) = y**3 - 7*y**2 + 11*y - 4. Let s be c(5). What are the prime factors of -1 + s/((-8)/(-1696))?
211
Suppose 6*k + 3*m = k + 64, 3 = m. Let x(b) = -17*b + 318. What are the prime factors of x(k)?
131
Suppose -56*i + 96093 = -47*i. List the prime factors of i.
3, 3559
Suppose -5*g + 356221 = -2*p, 2*g + 82*p = 86*p + 142514. What are the prime factors of g?
3, 23747
Let g(i) = 7*i**2 - 167*i + 5779. List the prime factors of g(98).
13, 4357
Let y be ((-624)/32)/((-3)/2). Suppose y*p = 12*p + 300. What are the prime factors of p?
2, 3, 5
Let r(w) = -w**2 - 9*w - 12. Let g be r(-4). Let a = -3 + g. Suppose -322 = -a*v + 238. List the prime factors of v.
2, 7
Let l(d) = 4*d**2 - 38*d + 3471. List the prime factors of l(47).
3, 7, 167
Let h = 17842 + -4573. What are the prime factors of h?
3, 4423
List the prime factors of ((-3545)/(-20) + -6)*(-2000)/(-10).
2, 5, 137
Let b(n) = -2*n**2 - n - 12. Let i be b(-3). Let y = i - -73. List the prime factors of y.
2, 23
Let m = 4122 - 1878. Suppose -4*z + 2*q = -m, 2*z + 0*z + 5*q - 1146 = 0. What are the prime factors of z?
563
Let r(h) = 43268*h**2 - 42*h - 46. List the prime factors of r(-1).
2, 13
What are the prime factors of (104/39 + -6)/((-8)/155748)?
5, 12979
Let n = 1396 - 636. Let y = -344 + n. What are the prime factors of y?
2, 13
Let j(p) = -239 + 11*p**2 - 12*p - 2*p**2 + 237. List the prime factors of j(2).
2, 5
Suppose 0 = -u - 2*r + 46030, 161*u + 4*r - 138076 = 158*u. What are the prime factors of u?
2, 719
Let w(b) = 38*b**2 + 1920*b - 197. What are the prime factors of w(-59)?
3, 2089
Let p be (0 + (-1236)/9)/((-6)/(-9)). Let y = p + 325. List the prime factors of y.
7, 17
Suppose -5*d + 53396 = 2*d - 297059. List the prime factors of d.
5, 17, 19, 31
Suppose 0 = 38*t - 1469734 + 60504. List the prime factors of t.
5, 7417
Let x(g) = -129*g - 4. Let j(i) = 258*i + 9. Let h(p) = -2*j(p) - 5*x(p). What are the prime factors of h(1)?
131
Let z = -201 - -45. Let h be (-7)/2*z/91. Suppose 5*l + 5*j = 155, -h*l + 81 = -3*l - 3*j. List the prime factors of l.
29
Let b(n) = -n**3 + n. Let r(x) = -4*x**3 + 2*x**2 - x + 1. Let s(q) = 5*b(q) + r(q). Let p(t) = -12*t - 74. Let a be p(-6). What are the prime factors of s(a)?
73
Suppose -4*y - 2 = l, 0*y - y = l + 5. Let g(i) = -i - 3. Let z be g(0). List the prime factors of -4 + 71 + l/z.
3, 23
Suppose 2*v + 12 = 5*v. Suppose f = -1 + 2, 5*n - 14 = -v*f. Suppose -n*u + 144 = 2*u. List the prime factors of u.
2, 3
Suppose -4*m + 592 = -2*m - 4*b, -2*m = 4*b - 608. Let k = 875 - m. What are the prime factors of k?
5, 23
Suppose 762 = -q - 1546. Let o = q + 1568. List the prime factors of -4*o/24 - 2/6.
3, 41
Let x(v) be the first derivative of 42*v**2 - 5*v - 5. Let m be x(3). Let k = m - 140. What are the prime factors of k?
107
Suppose 483 = -5*a + 3423. Suppose 10*h = 4*h + a. Suppose -3*l = -5*z + 276, -z - 5*l + h = z. What are the prime factors of z?
2, 3
Let c(u) = -3*u**2 + 190 + 561 - 196. Let t be c(0). Suppose -4*j + t = 79. List the prime factors of j.
7, 17
Let x(i) = -2*i + 139. Let k be x(0). Let a = -438 + 378. Let z = a + k. What are the prime factors of z?
79
Let n(o) be the first derivative of -o**5/6 - o**4/24 + 13*o**3/3 + 9. Let s(h) be the third derivative of n(h). What are the prime factors of s(-3)?
59
Let u(s) = -16*s**3 + 41*s**2 + 307*s - 14. What are the prime factors of u(-7)?
2, 3, 7, 127
Suppose 0 = 239*k - 236*k - 4*z - 22339, -z = 3*k - 22364. What are the prime factors of k?
29, 257
Let b = 192 + -284. Let k be (1/2)/((-1)/(-2)). What are the prime factors of (b/(-23))/(k + 0)?
2
Suppose 2*h + 10*h = h + 22418. List the prime factors of h.
2, 1019
Let k be 5320/(-1 + 9) - (4 - 0). Let n = -392 + k. List the prime factors of n.
269
Let y be (-47151)/78*(-2)/3. Suppose -5*j + y + 142 = 0. What are the prime factors of j?
109
Let d(s) = -s + 3. Let g(f) = -f + 2. Let c(p) = 4*d(p) - 3*g(p). Let v be c(6). Suppose 12*x + v*x = 60. List the prime factors of x.
5
Let q(u) = 16*u - 6. Let l(f) = -17*f + 7. Let i(t) = -5*l(t) - 4*q(t). Let j(r) = -1. Let x(w) = i(w) - 2*j(w). List the prime factors of x(2).
3, 11
Suppose -5*f + 1085 = 5*b, -2*b - 7*f = -9*f - 442. Suppose 3*x - 1560 = b. What are the prime factors of x?
593
Let u(t) = -98*t + 210. Let q be u(-4). Suppose 12*r - 10558 - q = 0. List the prime factors of r.
2, 3, 5, 31
Suppose -6*v = -26*v + 40. Suppose -3*f = -v*g - 1391, 0*g + 5*g = 2*f - 920. What are the prime factors of f?
3, 5, 31
What are the prime factors of 6 + -21 + 6094 + (-1 - 3)?
3, 5
Suppose 41*y = -29483 + 112139. What are the prime factors of y?
2, 3, 7
Let w(n) be the third derivative of n**6/60 - 2*n**5/15 + 11*n**4/24 + 13*n**3/6 - 31*n**2 - n. What are the prime factors of w(10)?
3, 7
Let v(i) = i**3 - 9*i**2 - 13*i + 34. Let m be v(10). Suppose t = -0*t + 5*u + 1091, 2158 = 2*t - m*u. What are the prime factors of t?
3, 7, 17
Let z(b) = -2*b**3 + b**2 + b + 1. Let r(l) = l - 5. Let p be r(4). Let f be z(p). Suppose 3*c + 4*i - 36 = -2*c, 5*i - 8 = f*c. List the prime factors of c.
2
Let r(w) be the third derivative of w**5/30 - w**4/3 + 4*w**3/3 + 9*w**2. Let t be r(9). What are the prime factors of t + (-2 - (3 + -6 + 0))?
3, 11
Let g(y) = -3*y + 80. Let q be g(-21). Let f = q - -104. List the prime factors of f.
13, 19
Let r(a) = -2*a**2 + 162*a + 1266. List the prime factors of r(76).
2, 1013
Suppose 0 = 13*c - 58 - 7. What are the prime factors of 268 - ((-4 - c) + 2)?
5, 11
Suppose -12*y + 96 = -16*y. Let r = y + 34. List the prime factors of (-132)/(-20) - 6/r.
2, 3
Let d(h) = -h**3 - 7*h**2 - 2*h - 14. Let a be d(-7). Suppose 3*w + 2*w - 5 = a. List the prime factors of (-5)/25*w + 221/5.
2, 11
Suppose -6*x + 14 = -10. Suppose 0*v + v + 5*w + 30 = 0, -x*w + 34 = -5*v. Let l(p) = 2*p**2 + 13*p + 2. What are the prime factors of l(v)?
2, 3
Let j(m) = -m**2 - 17*m + 15. Suppose -3*x - 29 = -2*f, -9*x + 5*f - 34 = -7*x. List the prime factors of j(x).
5, 17
Let f(j) = -37*j - 49. Let k be f(-5). Suppose 580 + k = 4*i. List the prime factors of i.
179
Suppose -4*j - 11 = 3*v, 0 = 2*v - j - 10 - 1. Suppose -v*m - b = -0*b - 1005, m - b = 331. List the prime factors of m.
2, 167
Suppose 0 = 4*d - 5*r - 192916, 0 = d - 2*r - 48589 + 366. What are the prime factors of d?
48239
Suppose 3*q = -x + 159513, -3*q = 44*x - 42*x - 159516. List the prime factors of q.
2, 5, 13, 409
Suppose 94 = a + 5*z, a = -z - 3*z + 94. Suppose 0 = -c - 2*u - 45, -3*c = -5*u + 2*u + 180. Let q = a + c. What are the prime factors of q?
3, 13
Suppose 11406 = 2*v - 5*o, o - 12908 = 10*v - 69890. What are the prime factors of v?
2, 7, 11, 37
Let n be (-2300)/(-69) + 4/6. Suppose 38*o = n*o + 912. What are the prime factors of o?
2, 3, 19
Suppose 0 = 6*c - 3*c - 36. Let v(b) = -b**2. Let i(u) = 3*u**2 - 12*u + 16. Let t(h) = i(h) + 2*v(h). What are the prime factors of t(c)?
2
Suppose 19072 = 7*g - 51733. List the prime factors of g.
5, 7, 17
Let u be (186/8)/((-10)/40). Let w = -147 - u. Let i = w + 109. What are the prime factors of i?
5, 11
Let w be ((-9)/(-18))/(1/14). Suppose 0 = -x - 4*x - 3*d - 5, 2*d + 1 = -x. List the prime factors of x/((35/(-135))/w).
3
Let b(r) = 11*r - 20. Suppose 19 = g - 4. Suppose 7*v - g - 61 = 0. What are the prime factors of b(v)?
2, 7
Let v(p) be the third derivative of 661*p**5/20 + 11*p**4/24 - 3*p**3/2 + 74*p**2. What are the prime factors of v(1)?
5, 397
Let y = 4479 + -4236. What are the prime factors of y?
3
Let i = 2924 - -1510. List the prime factors of i.
2, 3, 739
Suppose 2*z = 1563 - 425. Suppose c - 137 = -5*x, 2*x = 5*c - 2*x - z. What are the prime factors of c?
3, 13
Let z be (-13 - -9) + 4*1. Suppose z = 4*c - 260 - 316. List the prime factors of c.
2, 3
Let u = -249 - -258. What are the prime factors of (12 - u)/(9/762)?
2, 127
Suppose 3*f - 8*f + 3368 = 2*v, 5*v - 5*f = 8490. Suppose -v = -10*p + 1286. List the prime factors of p.
2, 149
What are the prime factors of (71274/(-18))/(-7)*1*6?
2, 1697
Suppose -13*z = 4*z - 6*z - 138699. What are the prime factors of z?
3, 467
Let v(m) be the first derivative of 11*m**4/4 - 2*m**3/3 + m**2 - 7*m - 37. Let g(a) = -a**3 + 1. Let k(d) = 6*g(d) + v(d). List the prime factors of k(2).